{"id":6180,"date":"2023-04-19T06:48:35","date_gmt":"2023-04-19T10:48:35","guid":{"rendered":"https:\/\/www.traviesoevans.com\/travieso\/?page_id=6180"},"modified":"2023-04-19T06:48:35","modified_gmt":"2023-04-19T10:48:35","slug":"bancario-y-mercado-de-capitales-2","status":"publish","type":"page","link":"https:\/\/www.traviesoevans.com\/travieso\/bancario-y-mercado-de-capitales-2\/","title":{"rendered":"Bancario y Mercado de Capitales"},"content":{"rendered":"<style>.wp-show-posts-columns#wpsp-6179 {margin-left: -2em; }.wp-show-posts-columns#wpsp-6179 .wp-show-posts-inner {margin: 0 0 2em 2em; }<\/style><section id=\"wpsp-6179\" class=\" wp-show-posts-columns wp-show-posts\" style=\"\"><article class=\" wp-show-posts-single post-6175 post type-post status-publish format-standard has-post-thumbnail hentry category-bancario-y-mercado-de-capitales-es category-publicaciones category-812 category-808 description-off wpsp-col-4\" itemtype=\"http:\/\/schema.org\/CreativeWork\" itemscope><div class=\"wp-show-posts-inner\" style=\"\">\t\t<div class=\"wp-show-posts-image  wpsp-image-left \">\n\t\t\t<a href=\"https:\/\/www.traviesoevans.com\/travieso\/el-sonado-caso-de-los-bonos-pdvsa-2020-pedro-rengel-nunez\/\"  title=\"El Sonado Caso de los Bonos PDVSA 2020. Pedro Rengel N\u00fa\u00f1ez\"><img width=\"462\" height=\"662\" src=\"https:\/\/www.traviesoevans.com\/travieso\/wp-content\/uploads\/2023\/04\/11.pedro-rengel-El-sonado-caso-de-los-bonos-Pdvsa-2020.png\" class=\"attachment-full size-full wp-post-image\" alt=\"\" decoding=\"async\" loading=\"lazy\" itemprop=\"image\" srcset=\"https:\/\/www.traviesoevans.com\/travieso\/wp-content\/uploads\/2023\/04\/11.pedro-rengel-El-sonado-caso-de-los-bonos-Pdvsa-2020.png 462w, https:\/\/www.traviesoevans.com\/travieso\/wp-content\/uploads\/2023\/04\/11.pedro-rengel-El-sonado-caso-de-los-bonos-Pdvsa-2020-209x300.png 209w\" sizes=\"(max-width: 462px) 100vw, 462px\" \/><\/a>\t\t<\/div>\n\t\t\t\t\t\t\t\t<header class=\"wp-show-posts-entry-header\">\n\t\t\t\t\t\t\t<h5 class=\"wp-show-posts-entry-title\" itemprop=\"headline\"><a href=\"https:\/\/www.traviesoevans.com\/travieso\/el-sonado-caso-de-los-bonos-pdvsa-2020-pedro-rengel-nunez\/\" rel=\"bookmark\">El Sonado Caso de los Bonos PDVSA 2020. Pedro Rengel N\u00fa\u00f1ez<\/a><\/h5>\t\t\t\t\t\t<\/header><!-- .entry-header -->\n\t\t\t\t\t<\/div><!-- wp-show-posts-inner --><\/article><article class=\" wp-show-posts-single post-6184 post type-post status-publish format-standard has-post-thumbnail hentry category-bancario-y-mercado-de-capitales-es category-publicaciones category-812 category-808 description-off wpsp-col-4\" itemtype=\"http:\/\/schema.org\/CreativeWork\" itemscope><div class=\"wp-show-posts-inner\" style=\"\">\t\t<div class=\"wp-show-posts-image  wpsp-image-left \">\n\t\t\t<a href=\"https:\/\/www.traviesoevans.com\/travieso\/control-de-cambio-y-mercado-paralelo-de-divisas-pedro-rengel-nunez\/\"  title=\"Control de Cambio y Mercado Paralelo de Divisas. Pedro Rengel N\u00fa\u00f1ez\"><img width=\"423\" height=\"626\" src=\"https:\/\/www.traviesoevans.com\/travieso\/wp-content\/uploads\/2023\/04\/12.pedro-rengel-nunez-control-de-cambio-y-mercado-paralelo.png\" class=\"attachment-full size-full wp-post-image\" alt=\"\" decoding=\"async\" loading=\"lazy\" itemprop=\"image\" srcset=\"https:\/\/www.traviesoevans.com\/travieso\/wp-content\/uploads\/2023\/04\/12.pedro-rengel-nunez-control-de-cambio-y-mercado-paralelo.png 423w, https:\/\/www.traviesoevans.com\/travieso\/wp-content\/uploads\/2023\/04\/12.pedro-rengel-nunez-control-de-cambio-y-mercado-paralelo-203x300.png 203w\" sizes=\"(max-width: 423px) 100vw, 423px\" \/><\/a>\t\t<\/div>\n\t\t\t\t\t\t\t\t<header class=\"wp-show-posts-entry-header\">\n\t\t\t\t\t\t\t<h5 class=\"wp-show-posts-entry-title\" itemprop=\"headline\"><a href=\"https:\/\/www.traviesoevans.com\/travieso\/control-de-cambio-y-mercado-paralelo-de-divisas-pedro-rengel-nunez\/\" rel=\"bookmark\">Control de Cambio y Mercado Paralelo de Divisas. Pedro Rengel N\u00fa\u00f1ez<\/a><\/h5>\t\t\t\t\t\t<\/header><!-- .entry-header -->\n\t\t\t\t\t<\/div><!-- wp-show-posts-inner --><\/article><div class=\"wpsp-clear\"><\/div><\/section><!-- .wp-show-posts -->\n","protected":false},"excerpt":{"rendered":"<p>Control de Cambio y Mercado Paralelo de Divisas Pedro Rengel N\u00fa\u00f1ez (Academia de Ciencias Pol\u00edticas y Sociales. Libro Homenaje al profesor Eugenio Hern\u00e1ndez-Bret\u00f3n. TOMO I). Download&#8230;<\/p>\n","protected":false},"author":4,"featured_media":0,"parent":0,"menu_order":0,"comment_status":"closed","ping_status":"closed","template":"","meta":{"_mc_calendar":[]},"yoast_head":"<!-- This site is optimized with the Yoast SEO plugin v20.1 - https:\/\/yoast.com\/wordpress\/plugins\/seo\/ -->\n<title>Bancario y Mercado de Capitales - Travieso Evans Arria &amp; Rengel<\/title>\n<meta name=\"description\" content=\"Travieso Evans Arria &amp; Rengel Bancario y Mercado de Capitales\" \/>\n<meta name=\"robots\" content=\"index, follow, max-snippet:-1, max-image-preview:large, max-video-preview:-1\" \/>\n<link rel=\"canonical\" href=\"https:\/\/www.traviesoevans.com\/travieso\/bancario-y-mercado-de-capitales-2\/\" \/>\n<meta property=\"og:locale\" content=\"es_ES\" \/>\n<meta property=\"og:type\" content=\"article\" \/>\n<meta property=\"og:title\" content=\"Bancario y Mercado de Capitales - Travieso Evans Arria &amp; Rengel\" \/>\n<meta property=\"og:description\" content=\"Travieso Evans Arria &amp; Rengel Bancario y Mercado de Capitales\" \/>\n<meta property=\"og:url\" content=\"https:\/\/www.traviesoevans.com\/travieso\/bancario-y-mercado-de-capitales-2\/\" \/>\n<meta property=\"og:site_name\" content=\"Travieso Evans Arria &amp; Rengel\" \/>\n<meta property=\"og:image\" content=\"https:\/\/www.traviesoevans.com\/travieso\/wp-content\/uploads\/2019\/05\/logo-traviesoevans-hd-v1.png\" \/>\n\t<meta property=\"og:image:width\" content=\"200\" \/>\n\t<meta property=\"og:image:height\" content=\"150\" \/>\n\t<meta property=\"og:image:type\" content=\"image\/png\" \/>\n<meta name=\"twitter:card\" content=\"summary_large_image\" \/>\n<meta name=\"twitter:site\" content=\"@traviesoevans\" \/>\n<meta name=\"twitter:label1\" content=\"Tiempo estimado de lectura\" \/>\n\t<meta name=\"twitter:data1\" content=\"1 minuto\" \/>\n<script type=\"application\/ld+json\" class=\"yoast-schema-graph\">{\"@context\":\"https:\/\/schema.org\",\"@graph\":[{\"@type\":\"WebPage\",\"@id\":\"https:\/\/www.traviesoevans.com\/travieso\/bancario-y-mercado-de-capitales-2\/\",\"url\":\"https:\/\/www.traviesoevans.com\/travieso\/bancario-y-mercado-de-capitales-2\/\",\"name\":\"Bancario y Mercado de Capitales - Travieso Evans Arria &amp; Rengel\",\"isPartOf\":{\"@id\":\"https:\/\/www.traviesoevans.com\/travieso\/#website\"},\"datePublished\":\"2023-04-19T10:48:35+00:00\",\"dateModified\":\"2023-04-19T10:48:35+00:00\",\"description\":\"Travieso Evans Arria &amp; Rengel Bancario y Mercado de Capitales\",\"breadcrumb\":{\"@id\":\"https:\/\/www.traviesoevans.com\/travieso\/bancario-y-mercado-de-capitales-2\/#breadcrumb\"},\"inLanguage\":\"es\",\"potentialAction\":[{\"@type\":\"ReadAction\",\"target\":[\"https:\/\/www.traviesoevans.com\/travieso\/bancario-y-mercado-de-capitales-2\/\"]}]},{\"@type\":\"BreadcrumbList\",\"@id\":\"https:\/\/www.traviesoevans.com\/travieso\/bancario-y-mercado-de-capitales-2\/#breadcrumb\",\"itemListElement\":[{\"@type\":\"ListItem\",\"position\":1,\"name\":\"Cover page\",\"item\":\"https:\/\/www.traviesoevans.com\/travieso\/\"},{\"@type\":\"ListItem\",\"position\":2,\"name\":\"Bancario y Mercado de Capitales\"}]},{\"@type\":\"WebSite\",\"@id\":\"https:\/\/www.traviesoevans.com\/travieso\/#website\",\"url\":\"https:\/\/www.traviesoevans.com\/travieso\/\",\"name\":\"Travieso Evans Arria & Rengel\",\"description\":\"La Firma de Abogados de Venezuela.\",\"publisher\":{\"@id\":\"https:\/\/www.traviesoevans.com\/travieso\/#organization\"},\"potentialAction\":[{\"@type\":\"SearchAction\",\"target\":{\"@type\":\"EntryPoint\",\"urlTemplate\":\"https:\/\/www.traviesoevans.com\/travieso\/?s={search_term_string}\"},\"query-input\":\"required name=search_term_string\"}],\"inLanguage\":\"es\"},{\"@type\":\"Organization\",\"@id\":\"https:\/\/www.traviesoevans.com\/travieso\/#organization\",\"name\":\"T&E Travieso Evans Arria & Rengel\",\"url\":\"https:\/\/www.traviesoevans.com\/travieso\/\",\"logo\":{\"@type\":\"ImageObject\",\"inLanguage\":\"es\",\"@id\":\"https:\/\/www.traviesoevans.com\/travieso\/#\/schema\/logo\/image\/\",\"url\":\"https:\/\/www.traviesoevans.com\/travieso\/wp-content\/uploads\/2020\/05\/logo-travieso-login.png\",\"contentUrl\":\"https:\/\/www.traviesoevans.com\/travieso\/wp-content\/uploads\/2020\/05\/logo-travieso-login.png\",\"width\":84,\"height\":84,\"caption\":\"T&E Travieso Evans Arria & Rengel\"},\"image\":{\"@id\":\"https:\/\/www.traviesoevans.com\/travieso\/#\/schema\/logo\/image\/\"},\"sameAs\":[\"https:\/\/twitter.com\/traviesoevans\",\"https:\/\/www.instagram.com\/traviesoevans\/\",\"https:\/\/www.linkedin.com\/in\/travieso-evans-800302172\/\"]}]}<\/script>\n<!-- \/ Yoast SEO plugin. -->","yoast_head_json":{"title":"Bancario y Mercado de Capitales - Travieso Evans Arria &amp; Rengel","description":"Travieso Evans Arria &amp; Rengel Bancario y Mercado de Capitales","robots":{"index":"index","follow":"follow","max-snippet":"max-snippet:-1","max-image-preview":"max-image-preview:large","max-video-preview":"max-video-preview:-1"},"canonical":"https:\/\/www.traviesoevans.com\/travieso\/bancario-y-mercado-de-capitales-2\/","og_locale":"es_ES","og_type":"article","og_title":"Bancario y Mercado de Capitales - Travieso Evans Arria &amp; Rengel","og_description":"Travieso Evans Arria &amp; Rengel Bancario y Mercado de Capitales","og_url":"https:\/\/www.traviesoevans.com\/travieso\/bancario-y-mercado-de-capitales-2\/","og_site_name":"Travieso Evans Arria &amp; Rengel","og_image":[{"width":200,"height":150,"url":"https:\/\/www.traviesoevans.com\/travieso\/wp-content\/uploads\/2019\/05\/logo-traviesoevans-hd-v1.png","type":"image\/png"}],"twitter_card":"summary_large_image","twitter_site":"@traviesoevans","twitter_misc":{"Tiempo estimado de lectura":"1 minuto"},"schema":{"@context":"https:\/\/schema.org","@graph":[{"@type":"WebPage","@id":"https:\/\/www.traviesoevans.com\/travieso\/bancario-y-mercado-de-capitales-2\/","url":"https:\/\/www.traviesoevans.com\/travieso\/bancario-y-mercado-de-capitales-2\/","name":"Bancario y Mercado de Capitales - Travieso Evans Arria &amp; Rengel","isPartOf":{"@id":"https:\/\/www.traviesoevans.com\/travieso\/#website"},"datePublished":"2023-04-19T10:48:35+00:00","dateModified":"2023-04-19T10:48:35+00:00","description":"Travieso Evans Arria &amp; Rengel Bancario y Mercado de Capitales","breadcrumb":{"@id":"https:\/\/www.traviesoevans.com\/travieso\/bancario-y-mercado-de-capitales-2\/#breadcrumb"},"inLanguage":"es","potentialAction":[{"@type":"ReadAction","target":["https:\/\/www.traviesoevans.com\/travieso\/bancario-y-mercado-de-capitales-2\/"]}]},{"@type":"BreadcrumbList","@id":"https:\/\/www.traviesoevans.com\/travieso\/bancario-y-mercado-de-capitales-2\/#breadcrumb","itemListElement":[{"@type":"ListItem","position":1,"name":"Cover page","item":"https:\/\/www.traviesoevans.com\/travieso\/"},{"@type":"ListItem","position":2,"name":"Bancario y Mercado de Capitales"}]},{"@type":"WebSite","@id":"https:\/\/www.traviesoevans.com\/travieso\/#website","url":"https:\/\/www.traviesoevans.com\/travieso\/","name":"Travieso Evans Arria & Rengel","description":"La Firma de Abogados de Venezuela.","publisher":{"@id":"https:\/\/www.traviesoevans.com\/travieso\/#organization"},"potentialAction":[{"@type":"SearchAction","target":{"@type":"EntryPoint","urlTemplate":"https:\/\/www.traviesoevans.com\/travieso\/?s={search_term_string}"},"query-input":"required name=search_term_string"}],"inLanguage":"es"},{"@type":"Organization","@id":"https:\/\/www.traviesoevans.com\/travieso\/#organization","name":"T&E Travieso Evans Arria & Rengel","url":"https:\/\/www.traviesoevans.com\/travieso\/","logo":{"@type":"ImageObject","inLanguage":"es","@id":"https:\/\/www.traviesoevans.com\/travieso\/#\/schema\/logo\/image\/","url":"https:\/\/www.traviesoevans.com\/travieso\/wp-content\/uploads\/2020\/05\/logo-travieso-login.png","contentUrl":"https:\/\/www.traviesoevans.com\/travieso\/wp-content\/uploads\/2020\/05\/logo-travieso-login.png","width":84,"height":84,"caption":"T&E Travieso Evans Arria & Rengel"},"image":{"@id":"https:\/\/www.traviesoevans.com\/travieso\/#\/schema\/logo\/image\/"},"sameAs":["https:\/\/twitter.com\/traviesoevans","https:\/\/www.instagram.com\/traviesoevans\/","https:\/\/www.linkedin.com\/in\/travieso-evans-800302172\/"]}]}},"_links":{"self":[{"href":"https:\/\/www.traviesoevans.com\/travieso\/wp-json\/wp\/v2\/pages\/6180"}],"collection":[{"href":"https:\/\/www.traviesoevans.com\/travieso\/wp-json\/wp\/v2\/pages"}],"about":[{"href":"https:\/\/www.traviesoevans.com\/travieso\/wp-json\/wp\/v2\/types\/page"}],"author":[{"embeddable":true,"href":"https:\/\/www.traviesoevans.com\/travieso\/wp-json\/wp\/v2\/users\/4"}],"replies":[{"embeddable":true,"href":"https:\/\/www.traviesoevans.com\/travieso\/wp-json\/wp\/v2\/comments?post=6180"}],"version-history":[{"count":1,"href":"https:\/\/www.traviesoevans.com\/travieso\/wp-json\/wp\/v2\/pages\/6180\/revisions"}],"predecessor-version":[{"id":6181,"href":"https:\/\/www.traviesoevans.com\/travieso\/wp-json\/wp\/v2\/pages\/6180\/revisions\/6181"}],"wp:attachment":[{"href":"https:\/\/www.traviesoevans.com\/travieso\/wp-json\/wp\/v2\/media?parent=6180"}],"curies":[{"name":"wp","href":"https:\/\/api.w.org\/{rel}","templated":true}]}}